 o - 13, 5*o + 4*c - 41 = 0. Let j(s) = 5*s - 4. What is j(o)?
21
Suppose -6 = -g - 2*g. Let h(i) = g*i**2 - 3*i**2 + i + i**2 + 11 + i**2. Let m(x) = x + 5. Let z be m(-5). What is h(z)?
11
Let v(l) = l**3 - 7*l**2 + 8*l + 12. Let y be v(5). Let c(i) = y*i - 3 + 5 + i - 4*i. Let t = -16 - -11. Calculate c(t).
7
Let a be 6 + -6*4/3. Let k(v) = 2*v**3 + v**2 - v + 1. Determine k(a).
-9
Let z = 15 - 18. Let p(f) = f**3 + 2*f**2 + 3*f + 3. What is p(z)?
-15
Let f = 103 + -108. Let i(j) = -j - 6. Give i(f).
-1
Let c(j) = -5*j**2 + 2*j + 4*j**2 - 3*j - j**3. Let q(w) = 6*w**3 - w**2 + 9*w - 2. Let n = 22 - 27. Let y(d) = n*c(d) - q(d). Determine y(5).
7
Let b(v) = -v**3 - 20. Let f(m) = m**2 + 33*m + 116. Let t be f(-4). Determine b(t).
-20
Let a(k) = 1 - 4*k + 5*k - 2. Let d be 9*(0 + (-2)/(-3)). Let u be 1/3 + d/9. Give a(u).
0
Let y(z) = z**3 + z**2 + z - 13. Let h(k) = 1. Let f(t) = -t**2 + 8*t + 16. Let m(w) = f(w) + 4*h(w). Let x be m(10). Determine y(x).
-13
Let s be -6*(-5)/5 - 0. Let q(l) = -l**3 + 5*l**2 + 7*l - 12. Determine q(s).
-6
Let r(l) = 3*l + l**3 - 38*l**2 + 22*l**2 + 7 + 12*l**2 - 3. Determine r(3).
4
Let y(c) = c**3 - 4*c**2 - c - 2. Let u = -6 + -2. Let k be 26/u + (-18)/(-72). Let w be k/(3 + 60/(-16)). Give y(w).
-6
Let d(i) be the second derivative of -i**5/20 - i**4/12 - i**3/6 - 25*i**2/2 - 394*i. Give d(0).
-25
Let k(n) = -n + 1. Let j(c) be the third derivative of c**4/24 - c**3 + 22*c**2. Let y(v) = -j(v) - 4*k(v). Suppose -2*z + 5*z + 9 = 0. Determine y(z).
-7
Let z(y) be the first derivative of 3*y**2/2 - 54. Determine z(-6).
-18
Suppose -3*i = 2*j - 7*j - 12, -8 = 5*i + j. Let t = -5 + 6. Let a(w) = w + 3*w - t + 0*w. What is a(i)?
-5
Let u(c) = c**3 - c**2 - c + 4. Let m be u(0). Let p(v) be the first derivative of v**4/4 - 5*v**3/3 + 5*v**2/2 + v + 107. Give p(m).
5
Let s(c) = -c**2 + 4*c + 8. Suppose -6*o + 93 = -81. Suppose -5*w - i + o = -3, 3*w - 16 = i. Give s(w).
-4
Let z(p) = 15*p - 3. Let y(n) = 7*n - 1. Let i(v) = -9*y(v) + 4*z(v). Let x = 162 + -167. Give i(x).
12
Let p(d) = 2*d + 0 + 4 - 3. Suppose -52*c + 9 + 43 = 0. Calculate p(c).
3
Let u(s) = -s**3 + 3*s**2 + 4*s - 5. Suppose 0 = -5*q + 3*q - 2. Let h be 0/(q - -3 - 4). Suppose 4*n - 4 = -h*n + 4*v, 0 = -5*n + 3*v + 11. Determine u(n).
-5
Let d(s) = -7*s**2. Suppose 4*q = 3*y - 5, -10*q + 2 = -11*q. Calculate d(y).
-7
Let s(i) be the first derivative of i**2 + 11*i - 17*i - 3 - 26 + 7*i. Calculate s(-4).
-7
Let j(c) = -4*c + 8*c**2 - 3*c - c**3 + 4 - 2*c**2. Let o be (-19 + 14)/((-4)/4). Determine j(o).
-6
Suppose -10*d - 18 = -13*d. Let g(k) = -k**3 + 6*k**2 + 5*k + 2. What is g(d)?
32
Let i(d) be the second derivative of -d**2 + 1/4*d**4 + 0 + 5*d - 1/20*d**5 + 5/6*d**3. Give i(4).
2
Let s(f) be the second derivative of -f**3/6 - 6*f**2 + 290*f. Calculate s(-15).
3
Let t(a) = 2*a - 5. Let p be (6/(-10) + 6/(-15))*-5. Suppose 56 = 3*i + p*i. What is t(i)?
9
Let l = -2 - -5. Let i(t) be the first derivative of -t**5/20 + t**4/3 - 2*t**3/3 + 3*t**2/2 + t + 8. Let v(q) be the first derivative of i(q). Give v(l).
0
Let h = 154 + -145. Let b(j) = 0*j**2 - 2*j**2 - 7*j - j + h*j. Determine b(1).
-1
Let r(g) = -g**3 - 5*g**2 + 8*g + 9. Let k = -44 + 56. Suppose -2*n - 2*n + k = -4*y, 4*n = -12. Determine r(y).
-3
Suppose 0*t - 2*g + 32 = -2*t, 2*g - 8 = 0. Let s be -16 - (-3 - (-1 - 4)). Let q = s - t. Let w(f) = f**3 + 7*f**2 + 6*f - 6. What is w(q)?
-6
Let u = 7 + -2. Let h(n) = 9*n**2 - 1. Let a be h(1). Let f(y) = a - u*y + 1 + 4*y. What is f(5)?
4
Let d(r) = 22*r**3 - 8*r**2 + 10*r + 3. Let n(h) = 9*h**3 - 4*h**2 + 4*h + 1. Let b(a) = -2*d(a) + 5*n(a). What is b(3)?
-10
Let k(s) be the third derivative of -s**4/24 - 7*s**3/6 + 60*s**2. Determine k(9).
-16
Suppose 0 = -4*s - 6 + 38. Let o be (-9)/(-4) + 6/s. Let m(v) = -2*v**3 + 3*v**2 + 3*v + 1. Calculate m(o).
-17
Let h(l) = 17*l. Let s(n) = -2*n + 6*n + 2*n - 2*n. Let j(d) = -2*h(d) + 9*s(d). What is j(-1)?
-2
Let i(c) = 193*c**2 - 195*c**2 - 3*c + 3*c + 1. Give i(1).
-1
Let p be 36/306 - (-49)/17. Suppose 5*x + 0 - 3 = -2*q, -x = q - p. Let b(i) = -i**3 + 5*i**2 - 4*i + 2. Determine b(q).
2
Let k(q) be the first derivative of q**2 + 4*q - 1162. Let c = 4 + -1. Calculate k(c).
10
Let f = 20 - 0. Let n(b) = 2*b**2 + f*b - 34*b - b**3 + 1 + 16*b. Determine n(3).
-2
Let o(r) = -22*r + 66. Let x be o(3). Let b(y) = y**2 + 48. What is b(x)?
48
Suppose -s + 2*s = 0. Let d(o) = -1 + o + 2*o + s + 3. Give d(3).
11
Let x = -19 + 24. Suppose -3*u - 8 = -x. Let k(a) = -1 + a**2 + 0*a**2 + 1 - 1 + 3*a**3. Calculate k(u).
-3
Let m(u) = -u**3 - 4*u**2 + 2. Let h be (-27)/(-6) - 4/8. Suppose h*c = -z - 13, z = -4*c + 2*z - 11. Give m(c).
-7
Let m(d) be the second derivative of d**4/12 + d**2/2 + 11*d. Let v be (-1 + 1/1)/(152 + -150). Calculate m(v).
1
Let t be (2 + 1)/(3/27). Let o = t + -33. Let r(k) = -k - 6. Calculate r(o).
0
Suppose -y - 5*p + 4 = 0, -4*y + 5*p - 3 = -19. Let u(i) = i**2 - 2*i - 11. What is u(y)?
-3
Let s(f) = -f**2 - 8*f - 4. Let r be s(-6). Let z be (2/(-3))/(r/(-36)). Suppose 0*h - 3 = z*h. Let n(m) = 5*m**2 + m. Calculate n(h).
4
Let f(b) be the first derivative of -b**3/3 - 3*b**2/2 + 2*b - 289. Give f(-4).
-2
Let c(u) = -17*u**2 + 30*u**2 - 11*u**2 - 1 - 2*u - 10*u**2. Let v = 86 - 87. What is c(v)?
-7
Let s(g) = g - 48. Let y be s(21). Let h = -24 - y. Let d(c) = c - 3. What is d(h)?
0
Let o(q) = 3*q - 12. Let w(m) = -8*m + 41. Let l(t) = -11*o(t) - 4*w(t). Give l(-26).
-6
Let s = -25 + 21. Let y be (s/(-4))/((-1)/(-7)). Let v be (3/6)/(y/(-84)). Let q(b) = b**3 + 6*b**2 - 2*b - 5. Calculate q(v).
7
Let k(c) = -c**2 + 8*c + 13. Let x(m) = -2*m**3 + 12*m**2 + 9. Let n be x(6). Calculate k(n).
4
Let d(k) = -7*k. Let w(z) = -15*z - 1. Let c(m) = -9*d(m) + 4*w(m). What is c(6)?
14
Let m(b) be the third derivative of b**4/12 + 11*b**3/6 - 44*b**2. Calculate m(-4).
3
Let i(k) be the third derivative of -k**4/24 - k**3/6 - 22*k**2 + 8*k. Determine i(-4).
3
Let h(w) = -6*w**2 + 2*w - 2. Let i(d) = -3*d + 5*d + 2*d**2 - d**2 - d - 1. Let u(l) = h(l) - i(l). Calculate u(1).
-7
Let j(f) = 3*f - 4. Suppose 77*k + 22 = 75*k. Give j(k).
-37
Let o(v) = 2*v + 65 - 29 + 16. Give o(-21).
10
Let c(n) be the first derivative of n**4/4 + n**3 - 2*n**2 - 4*n - 5. Let f = -40 - -36. Calculate c(f).
-4
Let n(p) = 6 + 3 + 4 + 12 - 4*p. What is n(8)?
-7
Let q(j) = j**2 + 7*j - 4. Let a(z) = -2*z**2 - 13*z + 7. Let x(g) = -6*a(g) - 11*q(g). Let o be (-9)/(-2)*(-6)/9. Determine x(o).
8
Suppose -146 = -9*h + 106. Suppose h = -27*k + 23*k. Let o(q) = -q - 5. Determine o(k).
2
Let i(f) = -8*f**3 + f**2 + f. Suppose 5*z + 4*u - 7 = 0, 0 = -z - 7*u + 4*u + 8. Calculate i(z).
8
Let c be (5/(-1) + 2)*-1. Let g be -7 + (2 + 4)/c. Let h(v) = -3*v - v**3 + 3 + 4*v**2 - 2*v**3 + 4*v**3 + 1. What is h(g)?
-6
Let g(q) be the first derivative of -q**3/3 + 7*q**2/2 - q - 52. Determine g(6).
5
Let f be (-2)/(5/((-120)/16)). Let l(p) be the second derivative of 5*p + 0*p**2 + 7/3*p**f + 0. Calculate l(-1).
-14
Let g = -50 - -6. Let q = -46 - g. Let i(z) be the second derivative of 2*z**3/3 + z**2/2 - z. What is i(q)?
-7
Let b be 28/(-20)*(6/(-2) + 8). Let j(o) = -2*o - 1. What is j(b)?
13
Suppose -4*p - 14 = -2*q, 2*p + 1 - 3 = 4*q. Let a(j) = -4*j - 1. What is a(q)?
11
Suppose -11*c - 27 = 28. Let w(h) = -h**2 + h - 3. Give w(c).
-33
Suppose p = -7*p + 24. Let j(b) = -b**3 - b**2 - b. Let z be j(-1). Let a(c) = -2*c + 4*c**2 + 1 - 1 - z - p*c**2. Calculate a(4).
7
Let r(g) = 14*g + 3. Let q(n) be the third derivative of -13*n**4/24 - n**3/2 - 6*n**2. Let t(x) = -5*q(x) - 4*r(x). Give t(-2).
-15
Let n(k) = k**2 + 7*k + 3. Let w = 120 - 85. Suppose -23 = -2*p - w. Give n(p).
-3
Let c(t) = t + 14. Suppose 4*f - 44 = 2*s + 8*f, -36 = 4*s - 5*f. Give c(s).
0
Let p(n) be the second derivative of -n**5/20 - n**4/12 - 11*n**2/2 + 3*n. Suppose 4*v = 9*v. Suppose -5*m - 2*j + v*j = -6, m + 2*j - 6 = 0. What is p(m)?
-11
Let z(j) = -j + 6. Let q be (6 + 0/5)/(2/(-3)). Determine z(q).
15
Let u be (-10)/6*(-57)/19. Suppose 5*m = -4*w - 19, -u*m = -3*w + 4*w + 16. Let h(r) = r - 3. Give h(m).
-6
Let l(p) = -15*p**3 - p**2 - p + 5. Let u(x) = -4*x**3 - x**2 - 1. Let j(n) = -l(n) + 4*u(n). Calculate j(-4).
3
Let q be (2/(-5))/(5/(-125)).